nder when 267483 is divided by 12737.
6
What is the remainder when 3559083 is divided by 223?
3
Calculate the remainder when 491046 is divided by 3961.
3843
Calculate the remainder when 23651 is divided by 11800.
51
What is the remainder when 9410371 is divided by 1882074?
1
What is the remainder when 31398 is divided by 414?
348
What is the remainder when 6517751 is divided by 42050?
1
Calculate the remainder when 393951 is divided by 684.
651
Calculate the remainder when 511795977 is divided by 15.
12
Calculate the remainder when 27017707 is divided by 72.
67
What is the remainder when 445389 is divided by 21208?
21
Calculate the remainder when 12450218 is divided by 383.
37
What is the remainder when 353992 is divided by 268?
232
What is the remainder when 455800 is divided by 869?
444
What is the remainder when 3047275 is divided by 768?
619
What is the remainder when 90424370 is divided by 36?
2
Calculate the remainder when 2193547 is divided by 98.
13
What is the remainder when 5315784 is divided by 1424?
1416
Calculate the remainder when 41437 is divided by 393.
172
Calculate the remainder when 148989 is divided by 1344.
1149
What is the remainder when 470506 is divided by 9194?
1612
What is the remainder when 4174706 is divided by 128?
114
Calculate the remainder when 94986 is divided by 31648.
42
Calculate the remainder when 46223841 is divided by 318.
315
Calculate the remainder when 156114082 is divided by 886.
882
What is the remainder when 447611948 is divided by 10?
8
Calculate the remainder when 3335 is divided by 285.
200
Calculate the remainder when 8876552 is divided by 282.
38
What is the remainder when 1781478 is divided by 593825?
3
What is the remainder when 4811402 is divided by 3484?
3482
Calculate the remainder when 23773 is divided by 1697.
15
What is the remainder when 555636 is divided by 337?
260
Calculate the remainder when 913683 is divided by 456829.
25
What is the remainder when 69370 is divided by 1118?
54
Calculate the remainder when 2582156 is divided by 122959.
17
Calculate the remainder when 2272546 is divided by 10878.
9922
What is the remainder when 77345 is divided by 38419?
507
Calculate the remainder when 20373 is divided by 1757.
1046
What is the remainder when 1258720 is divided by 530?
500
Calculate the remainder when 792339 is divided by 4910.
1829
What is the remainder when 41688450 is divided by 222?
180
What is the remainder when 581744 is divided by 36347?
192
What is the remainder when 2565811 is divided by 1504?
1491
Calculate the remainder when 7372 is divided by 1011.
295
What is the remainder when 11394316 is divided by 92?
24
What is the remainder when 91273 is divided by 28221?
6610
What is the remainder when 166615 is divided by 974?
61
Calculate the remainder when 426796 is divided by 93.
19
Calculate the remainder when 487694 is divided by 42.
32
What is the remainder when 131514 is divided by 44?
42
Calculate the remainder when 670805296 is divided by 5513.
5508
Calculate the remainder when 200997 is divided by 5030.
4827
What is the remainder when 173193 is divided by 56881?
2550
Calculate the remainder when 1656754 is divided by 331308.
214
What is the remainder when 72674322 is divided by 26?
6
What is the remainder when 22395 is divided by 11062?
271
What is the remainder when 7340783 is divided by 104868?
23
Calculate the remainder when 2154082 is divided by 147.
91
What is the remainder when 657623 is divided by 141?
140
What is the remainder when 126607 is divided by 2964?
2119
Calculate the remainder when 145950 is divided by 585.
285
Calculate the remainder when 7272604 is divided by 454531.
108
What is the remainder when 16001008 is divided by 219191?
65
Calculate the remainder when 162588 is divided by 17876.
1704
What is the remainder when 1379986486 is divided by 5203?
5202
Calculate the remainder when 27591083 is divided by 346.
5
What is the remainder when 120763 is divided by 98?
27
Calculate the remainder when 12302938 is divided by 195.
193
Calculate the remainder when 1996003 is divided by 399160.
203
Calculate the remainder when 178494846 is divided by 1568.
1566
Calculate the remainder when 6624143 is divided by 314.
313
Calculate the remainder when 264999165 is divided by 378.
375
What is the remainder when 570894 is divided by 315?
114
Calculate the remainder when 337529 is divided by 2877.
920
What is the remainder when 224666 is divided by 5909?
124
Calculate the remainder when 18742342 is divided by 46.
10
What is the remainder when 3638587 is divided by 22052?
7
Calculate the remainder when 1331999 is divided by 2198.
11
What is the remainder when 121954198 is divided by 6585?
6583
What is the remainder when 902515 is divided by 8064?
7411
Calculate the remainder when 78101926 is divided by 398.
396
What is the remainder when 743751 is divided by 1012?
943
Calculate the remainder when 63145587 is divided by 21048526.
9
Calculate the remainder when 35135 is divided by 7011.
80
Calculate the remainder when 155304812 is divided by 353.
344
Calculate the remainder when 4407551 is divided by 48.
47
What is the remainder when 28824409 is divided by 2515?
2509
Calculate the remainder when 61474245 is divided by 13.
1
What is the remainder when 29718 is divided by 29014?
704
What is the remainder when 34237 is divided by 3634?
1531
Calculate the remainder when 10038564 is divided by 5019273.
18
What is the remainder when 109011 is divided by 2353?
773
Calculate the remainder when 120509 is divided by 30038.
357
Calculate the remainder when 1110820 is divided by 6070.
10
What is the remainder when 50117498 is divided by 51?
2
Calculate the remainder when 115177 is divided by 115174.
3
Calculate the remainder when 52687072 is divided by 1530.
1522
Calculate the remainder when 24434141 is divided by 46.
45
Calculate the remainder when 136937274 is divided by 29.
28
Calculate the remainder when 389980 is divided by 7461.
2008
Calculate the remainder when 71598740 is divided by 104.
44
Calculate the remainder when 34450 is divided by 17127.
196
Calculate the remainder when 4834249 is divided by 1208562.
1
Calculate the remainder when 379321 is divided by 165.
151
What is the remainder when 1955 is divided by 1030?
925
What is the remainder when 925787 is divided by 716?
715
Calculate the remainder when 1829254 is divided by 216.
166
Calculate the remainder when 129995109 is divided by 19.
16
Calculate the remainder when 39673 is divided by 1342.
755
Calculate the remainder when 62230838 is divided by 1867.
1861
Calculate the remainder when 1479128 is divided by 25.
3
What is the remainder when 16076496 is divided by 179?
148
What is the remainder when 10781712 is divided by 68?
40
Calculate the remainder when 13153039 is divided by 1364.
1351
What is the remainder when 5647794 is divided by 173?
36
What is the remainder when 25682404 is divided by 1456?
20
What is the remainder when 93544 is divided by 530?
264
What is the remainder when 1008963 is divided by 4278?
3633
Calculate the remainder when 36171314 is divided by 899.
49
What is the remainder when 1459253 is divided by 486414?
11
Calculate the remainder when 349549 is divided by 116440.
229
Calculate the remainder when 510955 is divided by 324.
7
Calculate the remainder when 83560323 is divided by 15523.
14
What is the remainder when 54525 is divided by 5354?
985
Calculate the remainder when 20788 is divided by 9674.
1440
Calculate the remainder when 8936134 is divided by 156774.
16
What is the remainder when 6069319 is divided by 16014?
13
What is the remainder when 15190272 is divided by 1647?
1638
What is the remainder when 17094069 is divided by 32?
21
What is the remainder when 4282590 is divided by 987?
984
What is the remainder when 2826592 is divided by 60132?
388
Calculate the remainder when 2256640 is divided by 1801.
1788
Calculate the remainder when 20396509 is divided by 2549563.
5
What is the remainder when 4777839 is divided by 2388917?
5
What is the remainder when 8497653 is divided by 208?
21
Calculate the remainder when 22636 is divided by 6611.
2803
Calculate the remainder when 3934 is divided by 3718.
216
What is the remainder when 3709383 is divided by 14104?
31
What is the remainder w